t common factor of 236707619 and 1021.
1021
What is the highest common factor of 35834344 and 350?
14
What is the greatest common factor of 6996072 and 30?
6
What is the highest common factor of 202868 and 30873?
41
What is the highest common factor of 228805668 and 504?
252
What is the greatest common divisor of 1590743 and 972433?
5621
What is the greatest common factor of 10 and 1050121325?
5
What is the greatest common factor of 339 and 28826187?
339
What is the greatest common factor of 106518182 and 1642?
1642
What is the highest common factor of 3496 and 314222?
38
What is the highest common divisor of 13231 and 244117?
101
What is the highest common divisor of 1920 and 1649880?
120
Calculate the greatest common factor of 30231801 and 492.
123
Calculate the highest common divisor of 22610 and 22223502.
266
Calculate the greatest common divisor of 117248 and 3200.
128
Calculate the greatest common divisor of 399 and 21081963.
399
What is the highest common divisor of 353626 and 19604?
754
What is the greatest common factor of 16790 and 208610?
230
What is the highest common divisor of 424476 and 3726?
18
Calculate the highest common divisor of 402 and 437079927.
201
Calculate the greatest common divisor of 191106 and 49950.
54
Calculate the greatest common divisor of 2089 and 637508486.
2089
Calculate the greatest common factor of 7 and 65577519.
7
What is the greatest common factor of 1238354 and 28366?
26
Calculate the highest common factor of 5943 and 48779295.
849
What is the highest common divisor of 6143299 and 5?
1
What is the highest common factor of 1450 and 49418?
2
Calculate the greatest common divisor of 391 and 51125205.
391
Calculate the highest common divisor of 13 and 3398291.
13
Calculate the highest common divisor of 55195 and 5215139.
1577
What is the highest common divisor of 1069691928 and 12?
12
Calculate the highest common factor of 95767 and 3269.
7
Calculate the highest common factor of 1418772 and 24.
12
What is the highest common divisor of 211002 and 25869756?
1518
What is the greatest common divisor of 405640755 and 585?
585
Calculate the greatest common divisor of 21444 and 2064.
12
What is the greatest common factor of 909 and 62469?
9
Calculate the highest common factor of 26 and 91093834.
26
Calculate the highest common factor of 315513412 and 31.
31
Calculate the highest common factor of 1533785 and 23305.
395
What is the greatest common factor of 2802823 and 76?
19
What is the greatest common factor of 7081 and 813830?
97
What is the highest common divisor of 1038 and 1193354?
346
Calculate the greatest common divisor of 70757540 and 980.
140
Calculate the greatest common divisor of 73456524 and 459.
459
What is the highest common divisor of 328422 and 29739?
1293
What is the greatest common factor of 11745 and 6554?
29
Calculate the highest common divisor of 22865 and 96586333.
4573
Calculate the greatest common divisor of 75944222 and 2286.
254
What is the highest common factor of 142405617 and 204?
51
What is the greatest common divisor of 6627940 and 60?
20
What is the highest common divisor of 3392371 and 26394?
53
Calculate the highest common divisor of 24800368 and 624.
16
Calculate the highest common divisor of 1336 and 42294754.
334
What is the highest common divisor of 1570936 and 26452?
68
What is the greatest common divisor of 103447370 and 4628?
2314
Calculate the greatest common factor of 21306 and 986508.
402
What is the highest common factor of 212848 and 28196?
212
Calculate the highest common factor of 1456614 and 63.
9
What is the greatest common divisor of 479185 and 203?
7
Calculate the greatest common factor of 103584 and 69425184.
7968
Calculate the greatest common divisor of 14991570 and 4180.
2090
What is the greatest common divisor of 4981130 and 1295?
35
What is the greatest common divisor of 159394728 and 6408?
2136
What is the greatest common factor of 35 and 110819086?
7
What is the greatest common divisor of 16125 and 406909?
43
What is the highest common factor of 63555 and 6954?
57
Calculate the greatest common factor of 293680 and 33520.
80
What is the highest common factor of 5634848 and 736?
32
Calculate the greatest common factor of 1357 and 2361318.
23
Calculate the highest common divisor of 5024 and 1173322544.
2512
What is the greatest common factor of 705 and 132800615?
235
Calculate the greatest common factor of 1372814666 and 922.
922
What is the highest common factor of 2711700 and 228?
12
Calculate the highest common factor of 10233678 and 234.
78
Calculate the greatest common divisor of 28 and 18921182.
14
What is the greatest common factor of 413 and 40875436?
413
What is the greatest common divisor of 170267917 and 387?
43
Calculate the highest common divisor of 13880 and 2093104.
2776
Calculate the highest common factor of 1525 and 14482925.
1525
Calculate the highest common factor of 550291 and 29712.
619
What is the greatest common divisor of 6672 and 51978216?
3336
What is the highest common factor of 520643 and 318861?
71
What is the greatest common factor of 3969974 and 4066?
38
Calculate the highest common factor of 90683224 and 80046.
8894
Calculate the highest common factor of 5859 and 416367.
189
What is the highest common divisor of 637 and 5327244?
13
Calculate the greatest common divisor of 55195 and 350.
35
Calculate the highest common divisor of 18303894 and 1134.
1134
Calculate the highest common divisor of 34164 and 9130446.
234
Calculate the highest common divisor of 1710 and 249861780.
1710
Calculate the highest common divisor of 131 and 91437083.
131
Calculate the greatest common factor of 140036750 and 84.
14
Calculate the greatest common factor of 4750 and 204326000.
4750
Calculate the greatest common divisor of 2800171 and 555127.
3067
What is the highest common divisor of 5548868 and 7072?
884
Calculate the highest common factor of 1668 and 1526172.
12
Calculate the highest common factor of 99 and 34687532.
11
Calculate the highest common factor of 1207801 and 17584.
1099
Calculate the highest common factor of 32 and 10178736.
16
Calculate the highest common divisor of 15576 and 210936.
264
What is the highest common factor of 57095 and 1865?
5
What is the highest common divisor of 1282942344 and 24?
24
What is the greatest common divisor of 342804 and 87780?
924
Calculate the greatest common divisor of 2530 and 4934710.
110
Calculate the highest common factor of 874058 and 13806722.
8486
What is the greatest common divisor of 892716 and 352?
44
Calculate the greatest common divisor of 4450251 and 8268.
2067
Calculate the highest common factor of 10600868 and 6412.
916
Calculate the highest common factor of 2026 and 1504.
2
What is the highest common factor of 1069465 and 44405?
535
What is the highest common divisor of 11952 and 34052576?
1328
Calculate the highest common factor of 1113 and 30489151.
371
What is the greatest common divisor of 125 and 19336375?
125
Calculate the greatest common divisor of 39592 and 23016.
56
What is the greatest common divisor of 8227125 and 279?
9
What is the highest common divisor of 13671036 and 90?
18
What is the highest common divisor of 12834160 and 129328?
2192
Calculate the highest common factor of 121 and 3890909.
11
Calculate the highest common divisor of 45486 and 277362.
342
What is the greatest common divisor of 109436913 and 8504?
1063
Calculate the highest common factor of 341648 and 1054288.
2096
What is the highest common factor of 252428 and 1188?
44
What is the greatest common divisor of 70 and 23916370?
10
Calculate the highest common factor of 80627423 and 1.
1
What is the highest common divisor of 1687 and 1697270456?
1687
Calculate the highest common divisor of 74018780 and 132.
44
What is the greatest common divisor of 14387906 and 124?
62
Calculate the highest common factor of 201 and 92269318.
67
What is the highest common factor of 723128 and 90502?
74
What is the highest common factor of 80785 and 10272?
107
What is the highest common divisor of 7501720 and 815770?
8410
Calculate the highest common divisor of 77 and 3705493.
11
Calculate the greatest common factor of 4150 and 4924805.
415
Calculate the greatest common divisor of 605 and 28924445.
605
What is the high